+ 2*n**2 + 6. Give p(v).
-13
Let v(x) be the second derivative of -x**3/6 + 45*x**2/2 + 2*x + 2393. Calculate v(-20).
65
Let a(k) = -97*k**3 - 4*k**2 + 10*k + 5. Let w(p) = -83*p**3 - 5*p**2 + 10*p + 6. Let f(d) = -6*a(d) + 7*w(d). Determine f(10).
12
Let o(w) = w**2 - 11*w + 31. Suppose 0 = f - 5*i - 42, 1454*f + 3*i = 1455*f - 28. Calculate o(f).
3
Let z be ((-3)/3)/(5/75). Let d(h) = -6*h - 101. Calculate d(z).
-11
Let a(i) = -i + 5. Let u be (-2)/5 + 46/(-10). Let y = u + 9. Suppose -m = -y*m + 9. Calculate a(m).
2
Let s(p) be the third derivative of 5*p**4/8 - 2*p**3/3 + 1248*p**2 + 1. Determine s(6).
86
Let b = -571 + 348. Let h = 230 + b. Let k(p) = p**3 - 6*p**2 - 7*p - 7. Determine k(h).
-7
Let x be 17 + (-260)/60 + 1/3. Let g(k) = 12*k - 158. Determine g(x).
-2
Let o(c) = c**2 - c - 6. Let n be o(0). Let w(z) = -10*z - 51. Determine w(n).
9
Let r(d) = 4*d**2 - 4*d - 15. Let k(g) = -g**2 - g + 4. Suppose 5*q = 5*v + 3*q + 1, -7 = -v + 4*q. Let u(b) = v*r(b) - 5*k(b). Give u(-10).
5
Let i(d) = -13*d**2 - 19*d - 12. Let k(b) = -3*b**2 - 5*b - 3. Let w(f) = -2*i(f) + 9*k(f). Suppose 0 = -4*s + 4*r + 8, -70 = 120*s - 115*s + 5*r. Give w(s).
3
Let m(b) = b**2 - 78*b + 726. Let u be m(67). Let o(r) = -r**3 - 9*r**2 + 24*r + 9. What is o(u)?
-13
Let h(r) = -r**2 - 14*r - 15. Let w = -5164 - -5155. Calculate h(w).
30
Suppose -5*y + 5*p + 7 + 8 = 0, -2*y - 5*p = -20. Let o be (-4)/12 + (-7)/(-3). Let s(g) = -19*g**2 + 37*g**o + 5*g - 19*g**2. Determine s(y).
0
Let c(h) = h**3 + 22*h**2 - 47*h + 27. Let x = 22706 + -22730. What is c(x)?
3
Let k(p) = 3*p + 4*p - 8*p - 5 - 4*p. Let g(r) = -1. Let q(o) = -g(o) - k(o). Let f = -17 + 13. Calculate q(f).
-14
Let u = -1260 + 1257. Let a = -7 - -9. Let m(t) = 3*t - t**2 - 4*t**2 + 3*t**a + 4*t**2 - 4. Determine m(u).
5
Let c(j) = -j**3 + 7*j**2 - 6*j + 9. Suppose -10*b = -816 + 216. Suppose -b = -4*w + 20. Suppose 9*r = 74 - w. What is c(r)?
9
Let o = -169 - -182. Suppose 2*g + l - 9 = 0, 0 = g - o*l + 8*l + 23. Let t(j) = -2*j**2 + 3*j + 2. Give t(g).
0
Suppose 0 = 4*c - 6 - 2. Let a(z) = -4*z + 119*z**2 + 2 - 2 - 51*z**2 - 63*z**c - z**3. Let u be -4*(-2 + 2 - 1). Calculate a(u).
0
Suppose -2*f = 5*b - 6, -f + 5*b = -24 + 21. Let q(j) be the second derivative of 3/2*j**2 - 1/6*j**3 + 2*j + 0. Determine q(f).
0
Let f(z) = z**3 + 6*z**2 + 5*z - 5. Suppose -213 - 56 = -5*d + s, 2*d = s + 110. Let x = d - 35. Let c be (2 - x/12) + 11/(-2). Calculate f(c).
-5
Let k(g) = 9*g**3 + 2*g**2 + g - 2. Let n = -2495 - -2496. Calculate k(n).
10
Let s(n) = -n**2 - 13*n + 24. Let a(u) = u**2 - 56*u + 110. Let r be a(54). Give s(r).
-6
Let y(r) be the first derivative of -r**3/3 + r**2/2 - 1. Let v(q) = 54*q + 7*q**2 + 3 - 163*q + 51*q + 50*q. Let u(i) = -v(i) - 6*y(i). Calculate u(2).
-3
Let v(w) = 4*w**2 + w - 30. Let a(z) = -z**2 - 2*z + 13. Let g(l) = 2*a(l) + v(l). Determine g(-1).
1
Let h(a) = 39*a + 4. Let r(g) = 1090*g + 7632. Let k be r(-7). What is h(k)?
82
Suppose -3*w = -0*w + 3. Let n(o) = -8 - 845*o + 7 - 27*o**2 + 843*o. Calculate n(w).
-26
Suppose 8*w - 392 = -20*w. Suppose -x + 15 = 5*a, 2*x - 16 + 0 = -3*a. Let u(y) = -12*y - w*y + 27*y - a. What is u(0)?
-2
Let k be ((-12)/9 + 0)*-3. Let m(d) = -d + 2 + 6*d + d**3 - 10*d**2 + k*d**2. Let r(c) = 64*c - 1788. Let o be r(28). What is m(o)?
-10
Suppose -6 = 5*q - 4*q. Let x(o) = 0 + 5*o**2 - 4*o**2 + 2*o**2 + 4*o**2 + 7*o + o**3 + 3. Determine x(q).
-3
Let y(r) = 10*r + 1. Suppose 15 = -32*o + 47. Calculate y(o).
11
Let q(a) = 3*a + 7. Suppose -3*k = 2*f + 2*k - 6, -4*k = 4*f - 48. Determine q(f).
61
Let r(d) = -d**3 + 8*d**2 - 4*d - 12. Let s be r(7). Suppose s = 18*i - 9. Let x(h) be the first derivative of 5*h**2/2 + h + 1. Determine x(i).
6
Let c(x) = -x**3 + 49*x**2 + x - 55. Let p be (7/(-14))/(12/(-1176)). Determine c(p).
-6
Let o(z) = -2*z - 6. Suppose -2*v - 3*x = -5*v, 0 = 2*v + 4*x + 6. Let n(q) = q. Let c(s) = v*o(s) - 3*n(s). Determine c(10).
-4
Suppose -258*s + 253*s = -10. Let i(n) = 9 + 59*n - 1 - 56*n - 3*n**s - n**3 - 3. What is i(-4)?
9
Let n(r) = 37*r**2 + r - 3. Suppose 0 = -242*f + 196 + 288. Give n(f).
147
Let j(q) = -q - 5. Let o(t) = 4*t + 20. Let c(s) = -9*j(s) - 2*o(s). Let k be c(-6). Let z(g) = -2*g**2 + 11*g**3 - 3*g**2 - 1 + 3*g**2 - 2*g. Determine z(k).
-12
Let g(n) = -13*n**2 - 10*n - 45. Let z(w) = -11*w**2 - 9*w - 42. Let b(j) = 6*g(j) - 7*z(j). Calculate b(7).
-4
Suppose -33*m - 2054 = -767. Suppose -125 = 3*l + 37. Let w be l/(-13) - (-6)/m. Let t(o) = -o**2 + 4*o - 5. Determine t(w).
-5
Suppose -6*p + p = 4*q - 16, 2*p + 8 = 2*q. Let y(n) = -53*n**2 + 111*n**2 + n - 57*n**2 + 1500 - 1502. Calculate y(p).
-2
Suppose 7*s - 153 + 209 = 0. Let i(x) = x**2 - 8. What is i(s)?
56
Let c(k) be the first derivative of -7*k**3 - 2*k**2 - k + 228. Determine c(-2).
-77
Let t(s) = 7*s**3 + 29*s**2 + 16*s + 151. Let r(c) = -c**3 - 4*c**2 - 2*c - 22. Let g(j) = -15*r(j) - 2*t(j). Determine g(0).
28
Let s be ((-45)/36)/(6/36) - -10. Let g(o) be the first derivative of 5*o + s*o**2 + 24. What is g(-5)?
-20
Let r = 122 - 119. Let c(i) = 16*i - 1. Let s(a) = 41*a - 3. Let w(y) = -8*c(y) + 3*s(y). Give w(r).
-16
Let f(j) = -j**3 + 14*j**2 - 58*j + 74. Let a be f(7). Let y(u) = u**2 - 12*u - 12. Give y(a).
-23
Let m(h) = 200*h + 11*h**2 - 11 - 91*h - 101*h - h**3. Let y(q) = -q**3 + 12*q**2 + 8*q - 12. Let k(p) = -6*m(p) + 5*y(p). Let r = 1 + 6. What is k(r)?
-1
Let b(s) be the third derivative of s**6/120 - s**5/20 - s**4/12 + s**3/3 + 1554*s**2. Suppose -3*v = -v - 6. Determine b(v).
-4
Suppose 14*s + 370 - 328 = 0. Let p(o) = 4*o**2 + 8*o + 6. What is p(s)?
18
Suppose 66*s = 61*s + 2020. Let k(d) = 204 - 6*d + 197 - s - d**2. Give k(-4).
5
Let t(w) = -1 - 7 + 2 + w. Let m = -593 + 709. Let b = -122 + m. Determine t(b).
-12
Let n(a) be the first derivative of -a**4/4 - 4*a**3/3 + 3*a**2/2 + 2*a + 1. Let y = 66148 + -66152. Determine n(y).
-10
Let n(o) = -10*o + 3. Let c be n(-2). Let w(q) = -q**2 + c - 16 - 3*q - 5*q. Calculate w(-8).
7
Let w be 15/30 + 45/(-6). Let l(m) be the third derivative of 0*m - 11*m**2 + 1/4*m**4 + 0 - 1/10*m**5 - m**3 - 1/120*m**6. Calculate l(w).
1
Let i = 159 - 161. Let p(k) = k**3 - 2*k - 11*k**2 + k**3 + 13*k**2. Give p(i).
-4
Let x(i) be the third derivative of 4*i**5/15 - 37*i**4/8 - 5*i**3/3 - 4765*i**2. Calculate x(7).
-3
Let z(w) be the third derivative of w**6/20 + w**4/24 + w**3/6 - w**2 - 1227*w. Let u = 2 - 3. Let r be z(u). Let v(p) = 2*p + 5. What is v(r)?
-7
Let y(s) = 3*s + 13. Let g be (-5)/(-31)*2/5 + 26082/(-6417). What is y(g)?
1
Let j(p) = -p - 3. Let x = 30 + -27. Suppose x*r = -12, 2*k + 12 - 2 = -3*r. Suppose 3*n + 3*d - 12 = 0, -n - 5 = -d - k. What is j(n)?
-3
Let r(i) = 4*i - 10. Let g(k) = -k + 1. Let s(v) = 3*g(v) + r(v). Let a = 157 - 148. Give s(a).
2
Let r(q) = 4*q**2 + 2*q - 6. Let b be r(3). Let p(h) = 42*h**3 + 2*h**2 + 2*h. Let l be p(-1). Let g = b + l. Let x(u) = u. Give x(g).
-6
Let r(i) = -26*i**2 - 277*i - 97. Let l(k) = 5*k**2 + 54*k + 20. Let v(h) = 11*l(h) + 2*r(h). Determine v(-11).
-51
Let w(g) = -41*g - 17*g**2 + 149*g**3 - 150*g**3 - 16 + 81*g - 23*g. Determine w(-18).
2
Let y(u) = u + 15. Let j(d) = -11*d - 124. Let x(s) = -2*j(s) - 17*y(s). Determine x(2).
3
Let x(l) be the first derivative of l**5/20 - 5*l**4/12 - l**3 + l**2/2 + 31*l + 248. Let b(c) be the first derivative of x(c). Give b(6).
1
Let j(y) = y**3 - 5*y**2 + y - 2. Let v(o) = -4*o**2. Let t be v(1). Let n be (-2)/(t - (-28)/6). Let m = 7 + n. Give j(m).
-14
Let u(q) = -293 + 595 - 3*q**2 - 305 - q + 11*q. Determine u(2).
5
Let p(z) = -6*z + 1. Suppose 3*f - 6 = -36. Let l = -851 + 846. Let o be (f/l + -8)/2. Give p(o).
19
Let n(j) = j**3 + 3*j + 35. Suppose 39*l - 27*l = 1 - 1. Determine n(l).
35
Let s = -71 + 82. Suppose -2*u = -g - s, -g = 2*g - 3. Let q(c) = -c**3 + 5*c**2 + 4*c. Give q(u).
-12
Let x = 60 + -74. Let l(t) = 2*t**2 - 3. Let p(n) = -11*n**2 + 16*n + 35. Let a(c) = 6*l(c) + p(c). Determine a(x).
-11
Let j(o) = 2*o**3 - 17*o**2 + 7*o + 100. Let z be j(7). Let n(l) be the second derivative of -9/2*l**z + 0 - 9*l - 1/6*l**3. Determine n(0).
-9
Let x(t) = -t**3 - 2*t**2 + 2*t + 2. Let q = -42 - -42. Let p = q + 3. Suppose 8*m = p*m - 15. Calculate x(m).
5
Let h(p) = p**2 - 195